n 27351 is divided by 118.
93
Calculate the remainder when 152398 is divided by 48.
46
Calculate the remainder when 31063 is divided by 22.
21
What is the remainder when 252107 is divided by 22?
9
Calculate the remainder when 2886714 is divided by 28.
26
Calculate the remainder when 2870 is divided by 1401.
68
What is the remainder when 9957 is divided by 116?
97
What is the remainder when 5244 is divided by 162?
60
What is the remainder when 23812 is divided by 943?
237
Calculate the remainder when 11134 is divided by 192.
190
Calculate the remainder when 28910 is divided by 237.
233
Calculate the remainder when 2373 is divided by 33.
30
What is the remainder when 13974 is divided by 248?
86
Calculate the remainder when 585 is divided by 167.
84
Calculate the remainder when 2002 is divided by 3.
1
Calculate the remainder when 10845 is divided by 172.
9
Calculate the remainder when 358873 is divided by 99.
97
What is the remainder when 6185 is divided by 10?
5
What is the remainder when 846898 is divided by 941?
939
Calculate the remainder when 770216 is divided by 161.
153
What is the remainder when 17407 is divided by 860?
207
Calculate the remainder when 15248 is divided by 690.
68
What is the remainder when 3370626 is divided by 73?
70
What is the remainder when 49086 is divided by 151?
11
What is the remainder when 261737 is divided by 18?
17
Calculate the remainder when 1353 is divided by 164.
41
Calculate the remainder when 3639 is divided by 95.
29
Calculate the remainder when 2882 is divided by 409.
19
What is the remainder when 46609 is divided by 22?
13
What is the remainder when 13711 is divided by 781?
434
Calculate the remainder when 631936 is divided by 201.
193
What is the remainder when 29489 is divided by 33?
20
What is the remainder when 15684 is divided by 36?
24
Calculate the remainder when 3704 is divided by 530.
524
What is the remainder when 18145 is divided by 145?
20
What is the remainder when 17492 is divided by 931?
734
Calculate the remainder when 3821 is divided by 64.
45
Calculate the remainder when 224531 is divided by 134.
81
Calculate the remainder when 1846 is divided by 369.
1
Calculate the remainder when 22329 is divided by 606.
513
Calculate the remainder when 342 is divided by 5.
2
What is the remainder when 9114 is divided by 8896?
218
Calculate the remainder when 35356 is divided by 17678.
0
Calculate the remainder when 2785 is divided by 2698.
87
Calculate the remainder when 6778 is divided by 1886.
1120
Calculate the remainder when 654864 is divided by 163716.
0
What is the remainder when 9218195 is divided by 78?
77
What is the remainder when 3051 is divided by 2658?
393
Calculate the remainder when 359040 is divided by 1301.
1265
What is the remainder when 705 is divided by 272?
161
Calculate the remainder when 205 is divided by 92.
21
What is the remainder when 11681 is divided by 3891?
8
Calculate the remainder when 17933 is divided by 7982.
1969
Calculate the remainder when 1541 is divided by 1433.
108
What is the remainder when 80367 is divided by 283?
278
What is the remainder when 1790 is divided by 1571?
219
What is the remainder when 366045 is divided by 123?
120
What is the remainder when 15502 is divided by 34?
32
Calculate the remainder when 5377052 is divided by 1397.
1396
Calculate the remainder when 264643 is divided by 670.
663
What is the remainder when 3830 is divided by 223?
39
What is the remainder when 14565 is divided by 2912?
5
Calculate the remainder when 28786 is divided by 327.
10
What is the remainder when 388399 is divided by 286?
11
What is the remainder when 55268 is divided by 27632?
4
Calculate the remainder when 291489 is divided by 9.
6
Calculate the remainder when 14709 is divided by 324.
129
What is the remainder when 167704 is divided by 167675?
29
What is the remainder when 895436 is divided by 312?
308
Calculate the remainder when 12970 is divided by 863.
25
Calculate the remainder when 348 is divided by 321.
27
What is the remainder when 1929 is divided by 952?
25
Calculate the remainder when 77317 is divided by 25758.
43
Calculate the remainder when 2455 is divided by 1217.
21
Calculate the remainder when 50750 is divided by 50719.
31
Calculate the remainder when 2514285 is divided by 392.
389
Calculate the remainder when 13268 is divided by 540.
308
Calculate the remainder when 61909 is divided by 62.
33
What is the remainder when 1044 is divided by 553?
491
Calculate the remainder when 23290 is divided by 733.
567
Calculate the remainder when 388965 is divided by 38.
35
Calculate the remainder when 86462 is divided by 371.
19
Calculate the remainder when 9802 is divided by 679.
296
Calculate the remainder when 3158 is divided by 316.
314
What is the remainder when 902 is divided by 707?
195
Calculate the remainder when 13499 is divided by 8.
3
What is the remainder when 20008 is divided by 2183?
361
What is the remainder when 7778 is divided by 35?
8
What is the remainder when 44476 is divided by 2615?
21
What is the remainder when 5634682 is divided by 561?
559
Calculate the remainder when 59103 is divided by 37.
14
Calculate the remainder when 2539 is divided by 989.
561
Calculate the remainder when 25374 is divided by 95.
9
Calculate the remainder when 29593 is divided by 7333.
261
Calculate the remainder when 25235 is divided by 3604.
7
What is the remainder when 86694 is divided by 86690?
4
What is the remainder when 2507 is divided by 38?
37
What is the remainder when 2618 is divided by 63?
35
Calculate the remainder when 44425 is divided by 173.
137
Calculate the remainder when 44833 is divided by 7.
5
What is the remainder when 71012 is divided by 335?
327
Calculate the remainder when 43312 is divided by 1203.
4
Calculate the remainder when 6536 is divided by 3255.
26
Calculate the remainder when 5258 is divided by 272.
90
Calculate the remainder when 22646 is divided by 7520.
86
Calculate the remainder when 356926 is divided by 129.
112
Calculate the remainder when 453 is divided by 212.
29
Calculate the remainder when 2060 is divided by 67.
50
What is the remainder when 185251 is divided by 72?
67
What is the remainder when 17911 is divided by 25?
11
What is the remainder when 1014727 is divided by 104?
103
Calculate the remainder when 367871 is divided by 31.
25
What is the remainder when 104954 is divided by 21?
17
What is the remainder when 312925 is divided by 94?
93
Calculate the remainder when 569479 is divided by 3.
1
Calculate the remainder when 3078 is divided by 1026.
0
What is the remainder when 287382 is divided by 255?
252
What is the remainder when 1145914 is divided by 4?
2
Calculate the remainder when 102047 is divided by 153.
149
Calculate the remainder when 1293955 is divided by 263.
258
What is the remainder when 265097 is divided by 132546?
5
Calculate the remainder when 138119 is divided by 940.
879
Calculate the remainder when 55143 is divided by 21.
18
Calculate the remainder when 4379 is divided by 2186.
7
Calculate the remainder when 521205 is divided by 513.
510
Calculate the remainder when 40230 is divided by 298.
0
Calculate the remainder when 47617 is divided by 13.
11
What is the remainder when 15236 is divided by 193?
182
Calculate the remainder when 4359 is divided by 857.
74
What is the remainder when 28883 is divided by 58?
57
Calculate the remainder when 25522 is divided by 8496.
34
Calculate the remainder when 16979 is divided by 3049.
1734
What is the remainder when 7955 is divided by 321?
251
Calculate the remainder when 18228 is divided by 2278.
4
Calculate the remainder when 3047622 is divided by 51.
15
Calculate the remainder when 145372 is divided by 5.
2
What is the remainder when 25377 is divided by 816?
81
What is the remainder when 10747 is divided by 600?
547
Calculate the remainder when 341027 is divided by 33.
5
Calculate the remainder when 167357 is divided by 41827.
49
What is the remainder when 2762 is divided by 2748?
14
What is the remainder when 26897 is divided by 11?
2
Calculate the remainder when 5978 is divided by 205.
33
Calculate the remainder when 640544 is divided by 3.
2
What is the remainder when 50012 is divided by 685?
7
Calculate the remainder when 71724 is divided by 79.
71
W